rime factors of l?
2, 13
Suppose -6*w + w = -10. Let d be (9/(-3))/((-3)/w). Suppose c - 2 + 3 = 0, -d*k + 3*c = -11. What are the prime factors of k?
2
Suppose -2*b + 4 = 4*x, -3*b = x - 0*b + 9. Suppose 2*k = x + 3. What are the prime factors of k?
3
Suppose 46 = 2*w - 0*w. List the prime factors of w.
23
Suppose 0 = -2*s - 2*b + 10, 0*s - b - 20 = -4*s. Suppose s*r = 4*x + 70, -r + 5*r = -3*x + 56. What are the prime factors of r?
2, 7
Suppose 3*w = -2*w - 85. Suppose 0 = 2*y - 16 + 76. Let z = w - y. What are the prime factors of z?
13
What are the prime factors of (-5)/((1 - 3)*1/46)?
5, 23
Let f = 28 + -56. Let o be (-183)/21 + 8/f. List the prime factors of 0 - (o - -2 - -2).
5
Let b be (-12)/(((-9)/4)/3). Let w be 10/(4/10*(-60)/12). Let a = b - w. List the prime factors of a.
3, 7
Suppose 0 = -d - 65 + 188. What are the prime factors of d?
3, 41
Let o be 1*(5 + 2)*1. Suppose x + o = -3*x - 3*y, 5*y = 4*x - 33. Suppose 0*m + x*l = 2*m - 24, -m = -4*l - 18. What are the prime factors of m?
2, 5
Let f = -6 + 3. Let r = -1 - f. List the prime factors of r.
2
Suppose -4*b - 3*s + 9 = 0, 2*s = b + s + 3. Suppose b = n - 11 - 6. What are the prime factors of n?
17
Suppose 2*j = -3*c + 2 - 24, -4*j = c + 14. Let o(t) be the first derivative of t**4/4 + 7*t**3/3 + 5*t**2/2 + 4*t + 3. What are the prime factors of o(c)?
2, 5
Let m = 3 + -4. What are the prime factors of 26/2*(m + 2)?
13
Let o(k) = k**2 + 6*k + 4. Let v be o(-6). Suppose -v*h = -0*h - 20. Let t = h - -3. What are the prime factors of t?
2
Let l be (-1 + 3 - 2)/2. Suppose -41 = -4*h - 5*u, -4*u + l*u = 2*h - 16. What are the prime factors of h?
2, 7
Suppose -4*y + 0*l = 3*l - 14, 0 = -y - l + 3. Suppose -5*s + f + 13 = 0, 6 - 1 = y*s - 5*f. What are the prime factors of s?
3
Let i(r) be the first derivative of -r**5/60 + 3*r**4/8 - r**3/6 - 3*r**2/2 - 3. Let k(p) be the second derivative of i(p). List the prime factors of k(7).
13
Let k(c) = c**3 + 15*c**2 - c. What are the prime factors of k(-15)?
3, 5
Suppose -5*h - 24 = 11. Let k(q) = q**2 + 6*q - 7. Let s be k(h). Let t = 3 - s. List the prime factors of t.
3
Let b be (1 - 1)/(24/8). Let r be 2/(-1) - b - -32. Suppose -3*x + 13 = -2*c, 3*x + r = 8*x + 5*c. What are the prime factors of x?
5
Let v(p) = -p**2 + 2*p + 4. Let a be v(3). Suppose 3*z + 10 = -4*x + a, -4*x - z = 3. Suppose 2*m - 16 = -x*m. List the prime factors of m.
2
Let a = -19 - -32. Suppose 5*z + y = a, -5*z - 2*y + 19 = y. List the prime factors of ((-22)/(-4))/(z/4).
11
Let v(x) = x**3 - 3*x**2 - 4*x + 5. Let j be v(5). Suppose 3*y - 8*y = -j. Let f = y - 5. List the prime factors of f.
2
Let x be (4/1)/(6/(-15)). Let d = 5 + x. Let j = 3 - d. List the prime factors of j.
2
Suppose 5*z - 65 - 45 = 0. List the prime factors of z.
2, 11
Let u = 114 + -64. List the prime factors of u.
2, 5
Let w be 1/((-2)/(0 - 2)). Suppose -11 = -3*q + 2*o + w, -3*q = -3*o - 12. Suppose 3*s - 4*r - 36 = -2*s, -28 = -3*s + q*r. List the prime factors of s.
2
Let n be -9 + (2 - (1 + -1)). Let u = n + 12. Let a = -3 + u. List the prime factors of a.
2
Let k(c) = -c**3 + 10*c**2 + c + 4. Let v be k(8). Suppose -8*o + v = -3*o. What are the prime factors of o?
2, 7
Let u(t) = 7*t**2 - 2*t - 1. Let f be u(-2). Let s(p) = p**2 - 3*p - 6. Let k be s(5). Suppose f = k*b + 3. What are the prime factors of b?
7
Suppose 5*w = 9 + 276. What are the prime factors of w?
3, 19
Let u(w) = -2*w - 7. Suppose 2*z = 2 + 10. Let v be 4/(-12) - 40/z. What are the prime factors of u(v)?
7
Let t(f) = -f**3 + 2*f + 43. Let q = 15 - 15. What are the prime factors of t(q)?
43
Let b = -100 - -161. What are the prime factors of b?
61
Let i be 1 - (12/(-2 + 0))/1. Let p = -186 - -263. Suppose -4*j + 85 = 5*m, i*m - 3*m + 5*j - p = 0. What are the prime factors of m?
13
Let a = 27 - 92. What are the prime factors of (-205)/a - (-2)/(-13)?
3
Let z(o) be the first derivative of 2*o**3/3 + 3*o**2/2 - 5*o + 1. Suppose 27 - 11 = -4*d. What are the prime factors of z(d)?
3, 5
Let r(q) = q**2 + 6*q. Let n be r(-6). Suppose n = g + 4*p - 2, -g = g + 2*p - 10. Suppose -g*s + 50 = -s. List the prime factors of s.
2, 5
Suppose -11 + 103 = 4*j. List the prime factors of j.
23
Let o(d) = -d**3 - d**2 + d + 36. What are the prime factors of o(0)?
2, 3
Suppose 4*w + 18 = 2*g, -3*w + w - 10 = -2*g. Suppose 1 = -u - g. List the prime factors of (-1 + -2)/(u/8).
2, 3
Suppose l - 3*l = -3*b - 367, 4*l = 5*b + 731. What are the prime factors of l?
179
Let l = 12 + -9. Suppose -x - o = -0*o - 24, 5*x - 104 = l*o. List the prime factors of x.
2, 11
Let k(r) = 2*r**2 - 8*r - 5. List the prime factors of k(-3).
37
Let i(d) = 5*d**2 + d - 10. Let t(m) = 11*m**2 + m - 21. Let u(r) = 13*i(r) - 6*t(r). Let g = -12 + 17. List the prime factors of u(g).
2, 3
Let t(y) = y**3 + 6*y**2 + 6*y + 5. Let b be t(-4). Let r = -8 + b. What are the prime factors of r?
5
Let r be (-1)/3 + (-80)/(-6). Let j be (9/6 - 2)*-4. Suppose f + j = r. List the prime factors of f.
11
Let b be 8/(-12)*6/(-4). Let h = 1 - b. Suppose -5*a + h*a + 4*r = -32, -a - 8 = 4*r. What are the prime factors of a?
2
Suppose 0 = -4*a + 5*s, -8 = 5*s + 12. Let r(h) = 10*h - 26. Let o be r(4). Let y = a + o. What are the prime factors of y?
3
Let k(s) = -5*s**2 + 45*s + 5. Let y(d) = d**2 - 11*d - 1. Let x(r) = 2*k(r) + 9*y(r). Let m be x(-9). Let f = 11 - m. What are the prime factors of f?
2, 5
Let b(s) = -3*s + 4. Let a be b(6). Suppose -9*f + 17 = 35. What are the prime factors of (21/a)/(1/f)?
3
Let q = -253 - -378. What are the prime factors of q?
5
Let x(b) = -b**2 + 9*b - 11. Let z be x(12). Let c = z - -69. What are the prime factors of c?
2, 11
Suppose -h = -4*i - 0*h + 20, -5*h = -3*i - 2. Let r(f) = -f**2 - 11*f. Let p be r(-6). Suppose -p = -i*l + l. List the prime factors of l.
2, 3
Let k(b) = -b**2 - 19*b + 11. What are the prime factors of k(-9)?
101
Let l = 6 - 6. What are the prime factors of (l - (-27)/(-6))*-2?
3
Let s(n) = n. Let f be (-26)/(-4) + (-7)/(-14). Suppose 5*k + f = 3*i, 0 = -2*k + 4 - 2. What are the prime factors of s(i)?
2
Let b(l) = l**2 - 7*l + 1. What are the prime factors of b(20)?
3, 29
Let j(s) = -18*s. Let a be j(-8). What are the prime factors of a/(-6)*(-2)/4?
2, 3
Let y be 1 + -1 - (-4)/2. List the prime factors of y*-3*(-4)/12.
2
Let o = -7 - -15. Suppose -11 - 15 = -5*v + 2*l, v = -l + o. Let q = -2 + v. List the prime factors of q.
2
Let m = 188 - 86. What are the prime factors of m?
2, 3, 17
What are the prime factors of 21/6*(-4 - -6)?
7
Let k be (-28)/(-6)*(-18)/(-4). Suppose -h - 44 = -3*h - l, l - k = -h. List the prime factors of h.
23
Let f(w) = w**3 + 9*w**2 + 11*w + 2. Let r(d) = -2*d**3 - 18*d**2 - 23*d - 4. Let s(p) = 7*f(p) + 3*r(p). What are the prime factors of s(-8)?
2
Suppose -476 = -19*a + 151. What are the prime factors of a?
3, 11
Let p(m) = -2*m - 3. Let b = -4 + -4. List the prime factors of p(b).
13
Suppose -2*q + 180 = 64. List the prime factors of q.
2, 29
Let j be (-11 + -1)/(6/(-4)). Suppose -m = -h + 14, -m = h - 0*h - j. What are the prime factors of h?
11
Suppose 5*r - 21 - 54 = 0. Suppose r + 36 = 3*b. List the prime factors of b.
17
Let r = -7 - -9. Let w(t) = 5*t**3 - 2*t**2 + 1. List the prime factors of w(r).
3, 11
Let g be ((-9)/4)/(15/280). List the prime factors of 15 + -18 + g/(-1).
3, 13
Suppose 40 = 3*k - 2*k - 5*m, 0 = k + 4*m - 76. List the prime factors of k.
2, 3, 5
Suppose 8 = -8*t + 184. List the prime factors of t.
2, 11
Let h = 40 + -19. List the prime factors of h.
3, 7
Let j = -6 + 6. Let l = 2 - j. Suppose -d - 12 + 1 = 5*h, -38 = -l*d + 5*h. What are the prime factors of d?
3
Let b(u) = 9*u - 1. Let z be b(-1). Suppose 5*c = 3*t + 161, 87 = 4*c - c + 3*t. Let a = z + c. What are the prime factors of a?
3, 7
Suppose 5*i - 10 = 2*f - 2, 0 = 4*i - 3*f - 12. Suppose 2*g + 4*a - 40 = i, g - 5*a - 32 = -10*a. What are the prime factors of g?
2, 3
Let g = 108 + 84. What are the prime factors of g?
2, 3
Suppose 0 = -a - 0*a + 10. Let n = a + 1. Suppose -4*v + 3*v = -n. List the prime factors of v.
11
List the prime factors of 62*((-4)/(-8) + 0).
31
Let r(t) = t**2 - t + 2. Suppose 4 = 2*o - 2. Let h be r(o). Let n = 27 - h. What are the prime factors of n?
19
Suppose -5*y + 32 = -y